 is the units digit of h?
8
Suppose 3*m = -f + 46, 0*f = 2*f + m - 107. Suppose 0 = -5*a + 4*n + 90, -f = a - 6*a - 3*n. What is the tens digit of a?
1
Suppose -9*z + 4*z = -20. Suppose -3 = -2*y + 1. What is the units digit of -3 + (z - (-5 + y))?
4
Suppose 10*g = 8*g + 64. What is the units digit of g?
2
Suppose 345 = 3*c + 4*d, 2*c - 2*d + 228 = 4*c. What is the hundreds digit of c?
1
Suppose 6*k - 37 - 83 = 0. What is the tens digit of k?
2
Let j be 326/22 - 6/(-33). Let k = j + -5. What is the tens digit of k?
1
Suppose 70 = -c - c. What is the units digit of ((-16)/20)/(1/c)?
8
Let g be 1 + -4 - (-304)/4. Suppose g = 5*w + 23. What is the tens digit of w?
1
Let b = 5 + -6. What is the units digit of (2/(-4))/(b/16)?
8
Let a = 1 - -1. Let k(n) = 2*n - 4. Let h be k(3). Suppose -a*x + h = -8. What is the units digit of x?
5
Let y = 24 + -19. Suppose -k + 28 = -0*l + 4*l, -y*l + k = -26. What is the units digit of l?
6
Suppose -3*j + 2*j + 4 = 0. Suppose j*g = -5*c + 9, -g - 3*g = -4*c. What is the units digit of c?
1
Let r(j) = 2*j**3 - j + 83. What is the units digit of r(0)?
3
Let x be 3 + (-3 - (-1 - 0)). Let g be ((-3)/x)/(12/(-88)). What is the units digit of 272/44 - 4/g?
6
What is the tens digit of -3*(-4 + -10*75/6)?
8
Suppose -44 = -21*f + 19*f. What is the tens digit of f?
2
What is the hundreds digit of (-10582)/(-55) + (-6)/15?
1
Suppose 2*y = 11 + 5. Suppose 5*x - 2 = -5*v + y, 5*v = 2*x - 11. What is the units digit of x?
3
What is the tens digit of (-2)/(2 + (-204)/99)?
3
Suppose 15 = 5*c + 5*m, -c = 2*m - 0*m - 5. What is the tens digit of (c + 14)/(2 + -1)?
1
Suppose 2 = 2*n - n. Suppose -5*p - 2*i = -n, -2*p - 1 = -5*i + 4. Suppose 0 = -p*c - 3*c + 3. What is the units digit of c?
1
Let f(d) = -3*d + 8 + 4*d + 3*d - 3*d. Let s = -2 - -2. What is the units digit of f(s)?
8
Let q(o) = 16*o**2. Suppose -8*w = -11*w + 3. What is the tens digit of q(w)?
1
Suppose 0 = -2*j - 3*l + 451, 0 = -5*j - 3*l + 93 + 1039. What is the tens digit of j?
2
Suppose -5*z + 13 = -0*z - 2*g, z - 5*g + 2 = 0. Suppose -2*v - 7 = -z*v. What is the units digit of v?
7
Let r(g) = -g - 1. Let b(m) = -2*m**3 - 2*m**2 + 2*m - 1. Let w be b(1). Let c be r(w). Suppose -7 - 5 = -c*z. What is the units digit of z?
6
Suppose -27*h - 364 = -29*h. What is the hundreds digit of h?
1
What is the units digit of 6 + -10 - -1*47?
3
Let a(k) = -k**3 + 31*k**2 + 40*k + 25. What is the tens digit of a(32)?
8
Suppose -x + 6 = -2*t, 0*t + 4*t + x + 12 = 0. Let l(b) = b - 2. Let y be l(t). Let j = y - -10. What is the units digit of j?
5
Let w = -23 - -36. Suppose 3*y - w = 2. Suppose y = d - 3. What is the units digit of d?
8
Let x(q) = 0*q - q - 1 - q**2 + 2. Let u(m) = -m**2 - 3*m + 3. Let y(a) = 2*u(a) - 6*x(a). What is the units digit of y(1)?
4
Let f(k) = 2*k**2 - 11*k - 8. What is the units digit of f(10)?
2
Let r be 2 + 0 + 1 + -3. Suppose -2*z + r*z = 4*l + 10, -10 = 2*l. Let c = z - -2. What is the units digit of c?
7
Let m(r) = r**3 - 9*r**2 + r - 11. Let p be m(9). What is the units digit of (-12)/6*17/p?
7
Let q(h) = -h**3 + 7*h**2 - 5*h - 1. Let r be q(6). Suppose r*c = 4*o + 63, 32 = 3*c - 2*o - 5. Suppose 5*u - c = 4. What is the units digit of u?
3
Let u be (-4)/(-18) + (-320)/(-18). Suppose 0*b + 3*b + o + 16 = 0, -4*b + 2*o = u. Let a = 11 - b. What is the tens digit of a?
1
Let t be (-1 + 2)/(1/2). Suppose -y + 1 = 3*k - 0*k, -2*y + t*k = 14. Let h = -2 - y. What is the units digit of h?
3
Suppose -23 = 3*x - 86. What is the units digit of x?
1
Let k = 190 - 110. What is the units digit of k?
0
Suppose -7 = -5*n - 5*d + 8, -n + 4*d - 2 = 0. What is the units digit of n?
2
Let n(j) = j + 7. Let d be n(-4). Let b = 3 - -2. Suppose h - 6 = -4*l + 3*l, -16 = -d*h - b*l. What is the units digit of h?
7
Suppose -5*t + t = 0. Let w be (3 - 6)*(t + -1). Suppose r - 3*j - 9 = 0, 3*r - 6*r + 15 = -w*j. What is the units digit of r?
3
Suppose 2*q - 6 = 0, -4*q + 113 = 2*g + q. What is the units digit of g?
9
Let f = -96 + 186. What is the units digit of f?
0
Suppose 5*k = -4*m + 43, -4*m + 3*m = -4*k + 26. Suppose -29 = -r - k. What is the tens digit of r?
2
Suppose 4*f = 5*s - 27 + 82, -f - 4*s + 40 = 0. Let a = 50 - f. What is the units digit of a?
0
Suppose -3*g - 3 = -q - 13, 3*q = 2*g - 9. Suppose -22 - 4 = -2*r. Let i = q + r. What is the tens digit of i?
1
Suppose -4*h - 65 = h. Let z = h + 27. What is the tens digit of z?
1
Let d be (-1 - 0) + 0 + -9. Let q = d - -23. What is the units digit of q?
3
Let s(m) = 16*m - 2. Let h be s(3). Suppose 16 = -6*b + 2*b, 3*j + 5*b = h. What is the units digit of j?
2
Suppose 2*y + j - 6*j = 439, -3*y + 706 = 2*j. Suppose 5*q - y = -n, 5*q + 3*n - 238 = -n. What is the units digit of q?
6
Let q(a) = 7*a. Let d be q(1). Suppose -k - d = -4*h, -3*h = h - 12. What is the units digit of k?
5
What is the units digit of (-204)/(-18)*3/1?
4
Let d be ((-16)/(-20))/(-2)*-5. Suppose -5*r + 3*s = -113, r - 3*s = -d*r + 69. What is the tens digit of r?
2
Suppose 0*d - 11 = d. Let o = -7 - d. Suppose -o = -7*g + 3*g. What is the units digit of g?
1
Suppose 0 = -3*n - a - 1, 0 = n + 3*a + 3 - 0. Suppose -2*u - 2*j + 14 = n, -3*u = -8*u + 3*j + 3. Suppose u*t = 5*t - 6. What is the units digit of t?
3
Let g = 3 - -33. What is the units digit of g?
6
Suppose -j - j = 4*p - 126, -2*p + 5*j = -33. What is the units digit of p?
9
Let c be (-2)/8 + 124/(-16). Let u = c + 13. Suppose -u*r = -2*r - 57. What is the tens digit of r?
1
Suppose -5*a = 3*z - 4, -2*a + z - 8 = -7*a. Let t(w) = -3*w + 7*w - 3 + w**a + 0*w**2. What is the units digit of t(-6)?
9
Suppose 2*w - 2*t - 434 = -w, -5*w - 5*t = -740. What is the hundreds digit of w?
1
Suppose 2*z + 4*h + 359 = 5*z, -h = 2*z - 232. What is the tens digit of z?
1
Let u(k) = -k**3 - 4*k**2 + 4*k. Let g be u(-5). Suppose 2*o + f + 0*f = -20, 3*o + 30 = g*f. What is the units digit of (3 + -1)*o/(-4)?
5
Let x = -1 + 1. Suppose -3*m + 6 + 0 = x. What is the units digit of m?
2
Suppose p = 2 + 8. Suppose -4*x = -p - 26. What is the units digit of x?
9
Suppose -177 - 129 = -3*f + 3*s, 5*f - 514 = s. What is the hundreds digit of f?
1
Suppose 0 = 4*r - 34 - 22. What is the units digit of r?
4
Let k be 9/5 + (-1)/(-5). Suppose -k*l - 73 = -1. What is the units digit of (-116)/l - 4/18?
3
Let n(w) = -4*w + 0 + w**3 + 0*w**3 + 2 - 4*w**2. What is the units digit of n(5)?
7
Let r be 74/5 - 4/(-20). Suppose -r = -5*d + 10. Suppose -2*n - 3*t = -12, 0 = -4*n - d*t + 2 + 20. What is the units digit of n?
3
Let r be (6/3 - -1) + 0. Suppose n + 1 = r. Suppose 0 = 2*i + n - 12. What is the units digit of i?
5
Suppose 7 = -2*j - 5. Let v(t) = -3 - 2 - 6*t + 4*t. What is the units digit of v(j)?
7
Suppose 752 = 4*l + 4*h, -2*l - 5*h + 747 = 2*l. What is the hundreds digit of l?
1
Let l be -2 + 3 + 0 + 11. Suppose -2*t - 2*t = -4*d, 0 = 3*t - d + 8. Let a = l + t. What is the units digit of a?
8
Let m be (-14)/(-2)*(-16)/(-2). Suppose -5*p + m = -p. What is the units digit of p?
4
Let b(s) be the second derivative of -s**5/20 + 5*s**4/12 + s**3/3 + 2*s**2 + 4*s. What is the tens digit of b(5)?
1
Suppose 12 = -n + 2*b, 0 = 3*n - b - 6 + 27. Let t(r) = -3*r**2 - 1. Let c be t(-1). What is the units digit of (c - n)/(3/21)?
4
What is the tens digit of 18 + 3/((-12)/(-4))?
1
Let t(y) = 3*y - 2*y**2 + 6*y**2 - y**2 - 1 - 2*y**2. What is the units digit of t(-5)?
9
Let s(y) be the first derivative of -y**3/2 + 2*y + 3. Let v(o) be the first derivative of s(o). What is the units digit of v(-3)?
9
Suppose 5*k - k - 1041 = -3*j, 4*j + 4*k = 1392. What is the units digit of (-2)/5 + j/15?
3
Let u = -11 - -32. What is the units digit of u?
1
Let h = 25 + -22. What is the units digit of h?
3
What is the units digit of 1 + -3 + (-6)/9*-57?
6
Let b be ((-4)/5)/(2/(-5)). Suppose 7*l = b*l. Suppose 5*f + 5 = l, -2*t + f = -t - 9. What is the units digit of t?
8
Let o = 73 - 38. Let n = o + -21. What is the tens digit of n?
1
Suppose 2*d - 92 = -4*l + 202, 3*d - 5*l - 463 = 0. What is the units digit of d?
1
Let n(k) = -5*k + 7. What is the tens digit of n(-6)?
3
Let p(a) = a + 2. Let d be p(0). Let x be 0 + d - 222/(-6). Suppose -2*r + x = 7. What is the units digit of r?
6
Let m(f) = 4*f + 1. Let u be m(-1). Let j be